718?
6
What is the hundreds digit of 10137820?
8
What is the thousands digit of 5408495?
8
What is the ten thousands digit of 3080191?
8
What is the units digit of 62565078?
8
What is the tens digit of 137485381?
8
What is the tens digit of 49161306?
0
What is the ten thousands digit of 7052131226?
3
What is the ten thousands digit of 840236602?
3
What is the hundreds digit of 21673461?
4
What is the hundred millions digit of 1303372382?
3
What is the hundreds digit of 5891927?
9
What is the millions digit of 38555057?
8
What is the hundreds digit of 746534884?
8
What is the units digit of 114330543?
3
What is the thousands digit of 185399263?
9
What is the tens digit of 1052342673?
7
What is the tens digit of 129979526?
2
What is the hundreds digit of 387591951?
9
What is the thousands digit of 174182321?
2
What is the millions digit of 70786285?
0
What is the units digit of 93712567?
7
What is the tens digit of 175833238?
3
What is the millions digit of 112545588?
2
What is the billions digit of 2275726241?
2
What is the tens digit of 885280138?
3
What is the ten millions digit of 412806552?
1
What is the hundred millions digit of 4403065552?
4
What is the millions digit of 208302416?
8
What is the hundred thousands digit of 1754734792?
7
What is the units digit of 3014387627?
7
What is the units digit of 3414242580?
0
What is the thousands digit of 79553895?
3
What is the hundred thousands digit of 3638720926?
7
What is the hundred thousands digit of 31681222?
6
What is the tens digit of 18583113?
1
What is the hundred millions digit of 947911854?
9
What is the ten thousands digit of 670453169?
5
What is the ten millions digit of 922722468?
2
What is the ten thousands digit of 36259315?
5
What is the thousands digit of 974165224?
5
What is the hundred millions digit of 617802480?
6
What is the tens digit of 1281349175?
7
What is the thousands digit of 1261566586?
6
What is the millions digit of 69382775?
9
What is the ten thousands digit of 428694127?
9
What is the millions digit of 42672378?
2
What is the thousands digit of 16370761?
0
What is the ten thousands digit of 20370296?
7
What is the ten millions digit of 1616031868?
1
What is the units digit of 10299332?
2
What is the thousands digit of 4690086?
0
What is the ten thousands digit of 361891118?
9
What is the thousands digit of 210665490?
5
What is the millions digit of 504801517?
4
What is the millions digit of 118165727?
8
What is the millions digit of 1111054788?
1
What is the ten thousands digit of 88704998?
0
What is the ten thousands digit of 71950166?
5
What is the ten millions digit of 1445313610?
4
What is the thousands digit of 352708126?
8
What is the ten thousands digit of 54389131?
8
What is the hundreds digit of 645172005?
0
What is the millions digit of 2079922?
2
What is the hundred thousands digit of 1127250?
1
What is the millions digit of 106856526?
6
What is the tens digit of 387397126?
2
What is the tens digit of 94071659?
5
What is the units digit of 2150461080?
0
What is the ten thousands digit of 1108730871?
3
What is the hundred millions digit of 3215182485?
2
What is the millions digit of 487296503?
7
What is the ten millions digit of 703615861?
0
What is the hundred millions digit of 1201940007?
2
What is the tens digit of 177604882?
8
What is the units digit of 1133642318?
8
What is the millions digit of 92303252?
2
What is the hundred thousands digit of 63590385?
5
What is the tens digit of 1432557098?
9
What is the ten millions digit of 122231818?
2
What is the tens digit of 87879282?
8
What is the hundred thousands digit of 3856596880?
5
What is the hundreds digit of 354961699?
6
What is the tens digit of 3768979995?
9
What is the thousands digit of 424167230?
7
What is the hundred millions digit of 1747400522?
7
What is the tens digit of 4466569017?
1
What is the hundred millions digit of 4660470054?
6
What is the hundred thousands digit of 184773284?
7
What is the thousands digit of 29199115?
9
What is the thousands digit of 668035401?
5
What is the hundreds digit of 1233118497?
4
What is the units digit of 346369131?
1
What is the thousands digit of 263114257?
4
What is the hundreds digit of 347597156?
1
What is the billions digit of 1154832274?
1
What is the ten millions digit of 37218002?
3
What is the ten millions digit of 434346129?
3
What is the millions digit of 17521474?
7
What is the ten millions digit of 248427351?
4
What is the units digit of 54742727?
7
What is the millions digit of 84828263?
4
What is the hundred thousands digit of 173581783?
5
What is the hundreds digit of 6481192?
1
What is the hundred millions digit of 910187448?
9
What is the units digit of 959628356?
6
What is the billions digit of 5414857777?
5
What is the ten millions digit of 96635368?
9
What is the tens digit of 35294382?
8
What is the ten thousands digit of 83328320?
2
What is the thousands digit of 358864755?
4
What is the units digit of 2612291537?
7
What is the units digit of 1367042562?
2
What is the millions digit of 489073783?
9
What is the tens digit of 132971911?
1
What is the units digit of 28758205?
5
What is the ten thousands digit of 68642006?
4
What is the hundred thousands digit of 316798018?
7
What is the thousands digit of 389860742?
0
What is the millions digit of 231145773?
1
What is the hundred thousands digit of 73822882?
8
What is the hundred millions digit of 2180255371?
1
What is the thousands digit of 164819392?
9
What is the ten millions digit of 36931693?
3
What is the hundred thousands digit of 5476923201?
9
What is the ten millions digit of 38872330?
3
What is the hundred millions digit of 3432210585?
4
What is the units digit of 543993839?
9
What is the ten thousands digit of 112323129?
2
What is the hundred millions digit of 285198709?
2
What is the hundreds digit of 1075816876?
8
What is the ten thousands digit of 1103087091?
8
What is the hundred millions digit of 1040557388?
0
What is the hundreds digit of 1560287792?
7
What is the hundred thousands digit of 82240764?
2
What is the hundred thousands digit of 22822996?
8
What is the units digit of 388547119?
9
What is the millions digit of 18929412?
8
What is the ten millions digit of 241349919?
4
What is the ten thousands digit of 23713133?
1
What is the ten thousands digit of 718784125?
8
What is the units digit of 28190114?
4
What is the ten millions digit of 15153624?
1
What is the units digit of 36165279?
9
What is the hundred thousands digit of 2931910731?
9
What is the millions digit of 5196987488?
6
What is the hundreds digit of 5040210548?
5
What is the millions digit of 13154286?
3
What is the millions digit of 647590701?
7
What is the units digit of 145976766?
6
What is the thousands digit of 4592674910?
4
What is the ten thousands digit of 313342465?
4
What is the hundred thousands digit of 1468995807?
9
What is the millions digit of 547174846?
7
What is the millions digit of 57934993?
7
What is the hundred millions digit of 274274469?
2
What is the millions digit of 106571172?
6
What is the ten millions digit of 3066656820?
6
What is the hundreds digit of 261385311?
3
What is the thousands digit of 23282455?
2
What is the hundreds digit of 232204410?
4
What is the thousands digit of 265195601?
5
What is the hundred millions digit of 725636134?
7
What is the units digit of 24252484?
4
What is the ten thousands digit of 123144604?
4
What is the ten millions digit of 82028160?
8
What is the thousands digit of 781917635?
7
What is the ten millions digit of 58923600?
5
What is the tens digit of 14050212?
1
What is the hundred millions digit of 3723440115?
7
What is the hundred thousands digit of 1023450367?
4
What is the ten millions digit of 2680667503?
8
What is the hundred thousands digit of 57601531?
6
What is the millions digit of 1501361123?
1
What is the ten millions digit of 131359155?
3
What is the tens digit of 66641851?
5
What is the thousands digit of 6291099684?
9
What is the hundred thousands digit of 241670185?
6
What is the tens digit of 320980836?
3
What is the hundred thousands digit of 32271363?
2
What is the billions digit of 1082808190?
1
What is the hundreds digit of 4766034225?
2
What is the millions digit of 40552194?
0
What is the ten millio